2
Calculate the remainder when 4006476 is divided by 142.
88
Calculate the remainder when 51857 is divided by 12865.
397
What is the remainder when 4567172 is divided by 831?
827
What is the remainder when 313744524 is divided by 9?
6
What is the remainder when 103672 is divided by 8252?
4648
What is the remainder when 1235983 is divided by 18175?
83
Calculate the remainder when 53450089 is divided by 1670315.
9
What is the remainder when 273194936 is divided by 15?
11
Calculate the remainder when 48390895 is divided by 13.
7
What is the remainder when 1103688 is divided by 738?
378
What is the remainder when 35453353 is divided by 14?
5
What is the remainder when 85579 is divided by 1403?
1399
What is the remainder when 134722 is divided by 398?
198
What is the remainder when 2756957 is divided by 45196?
1
What is the remainder when 1432457 is divided by 49394?
31
What is the remainder when 19406013 is divided by 53?
10
What is the remainder when 21633212 is divided by 16229?
16184
What is the remainder when 316356 is divided by 158159?
38
Calculate the remainder when 31554851 is divided by 83.
77
Calculate the remainder when 7992 is divided by 7531.
461
What is the remainder when 5090127 is divided by 584?
567
What is the remainder when 5040778 is divided by 863?
858
What is the remainder when 1215661 is divided by 135072?
13
What is the remainder when 138070318 is divided by 3265?
3263
Calculate the remainder when 2611 is divided by 1945.
666
Calculate the remainder when 218452 is divided by 95.
47
Calculate the remainder when 99539 is divided by 94739.
4800
Calculate the remainder when 1282549773 is divided by 3252.
3249
What is the remainder when 24383930 is divided by 339?
338
Calculate the remainder when 124245 is divided by 1044.
9
What is the remainder when 2165609 is divided by 33837?
41
What is the remainder when 1198896 is divided by 2595?
6
Calculate the remainder when 196996 is divided by 14064.
100
Calculate the remainder when 41327407 is divided by 2102.
2087
What is the remainder when 123350 is divided by 469?
3
What is the remainder when 13774 is divided by 6827?
120
Calculate the remainder when 135949 is divided by 1677.
112
What is the remainder when 2153243 is divided by 131?
127
Calculate the remainder when 4523128 is divided by 646161.
1
What is the remainder when 598838 is divided by 555?
548
Calculate the remainder when 882133 is divided by 22582.
1435
Calculate the remainder when 67254 is divided by 2995.
1364
What is the remainder when 897501 is divided by 19?
17
What is the remainder when 35583921 is divided by 997?
991
Calculate the remainder when 443198 is divided by 554.
552
Calculate the remainder when 1603393 is divided by 534298.
499
What is the remainder when 9980402 is divided by 1996079?
7
Calculate the remainder when 257672 is divided by 15963.
2264
Calculate the remainder when 2726510 is divided by 1187.
1158
Calculate the remainder when 2695438 is divided by 2179.
15
Calculate the remainder when 4201835 is divided by 214.
159
Calculate the remainder when 24707335 is divided by 14.
9
Calculate the remainder when 31128320 is divided by 42.
20
What is the remainder when 17973308 is divided by 13?
2
What is the remainder when 1568559 is divided by 60321?
213
Calculate the remainder when 1564000 is divided by 1448.
160
Calculate the remainder when 3784828 is divided by 378459.
238
What is the remainder when 23498205 is divided by 1618?
1609
Calculate the remainder when 423209 is divided by 3441.
3407
Calculate the remainder when 142575 is divided by 12933.
312
Calculate the remainder when 10557 is divided by 482.
435
Calculate the remainder when 307006 is divided by 13299.
1129
What is the remainder when 24207 is divided by 20566?
3641
What is the remainder when 27445 is divided by 254?
13
What is the remainder when 835513 is divided by 1105?
133
Calculate the remainder when 379865 is divided by 108.
29
What is the remainder when 37246596 is divided by 2623?
2619
What is the remainder when 935567 is divided by 467777?
13
Calculate the remainder when 510822 is divided by 159.
114
Calculate the remainder when 84160 is divided by 42050.
60
What is the remainder when 4254432 is divided by 415?
267
Calculate the remainder when 47836 is divided by 138.
88
What is the remainder when 20982043 is divided by 453?
442
Calculate the remainder when 31390 is divided by 2390.
320
Calculate the remainder when 140161 is divided by 70071.
19
Calculate the remainder when 1189097 is divided by 668.
57
What is the remainder when 22899314 is divided by 4386?
8
Calculate the remainder when 3651865 is divided by 3556.
3409
What is the remainder when 43057191 is divided by 136?
135
Calculate the remainder when 266546955 is divided by 556.
555
What is the remainder when 8327362 is divided by 8327351?
11
What is the remainder when 28928142 is divided by 36?
18
Calculate the remainder when 2255227 is divided by 152.
3
What is the remainder when 578268 is divided by 33?
9
Calculate the remainder when 169124 is divided by 1666.
858
What is the remainder when 735816 is divided by 105078?
270
What is the remainder when 3761985 is divided by 67?
2
Calculate the remainder when 217936 is divided by 54113.
1484
Calculate the remainder when 580290 is divided by 208.
178
Calculate the remainder when 2580167 is divided by 162.
155
What is the remainder when 20777782 is divided by 65?
12
What is the remainder when 686435943 is divided by 1105?
1103
Calculate the remainder when 244492 is divided by 1516.
416
Calculate the remainder when 11088 is divided by 4408.
2272
Calculate the remainder when 49782 is divided by 204.
6
Calculate the remainder when 5946637 is divided by 5946565.
72
Calculate the remainder when 516562 is divided by 1052.
30
Calculate the remainder when 7878937 is divided by 308.
297
What is the remainder when 43532714 is divided by 3080?
3074
What is the remainder when 109454 is divided by 2189?
4
Calculate the remainder when 53273 is divided by 17551.
620
Calculate the remainder when 35689543 is divided by 145.
113
What is the remainder when 8193317 is divided by 1119?
1118
What is the remainder when 603220181 is divided by 1481?
1476
Calculate the remainder when 74830 is divided by 1148.
210
Calculate the remainder when 6582398 is divided by 3025.
3023
Calculate the remainder when 30563296 is divided by 25.
21
Calculate the remainder when 2906966 is divided by 432.
38
What is the remainder when 1028206 is divided by 27?
19
Calculate the remainder when 7513031 is divided by 1878221.
147
What is the remainder when 1075052 is divided by 1549?
46
What is the remainder when 8410539 is divided by 903?
900
Calculate the remainder when 8669566 is divided by 509973.
25
Calculate the remainder when 6629256 is divided by 5.
1
Calculate the remainder when 631972 is divided by 48587.
341
What is the remainder when 565415 is divided by 1977?
1970
What is the remainder when 787978 is divided by 31519?
3
Calculate the remainder when 1814494 is divided by 218.
80
What is the remainder when 13894 is divided by 2438?
1704
Calculate the remainder when 9770 is divided by 216.
50
Calculate the remainder when 84962464 is divided by 454.
450
Calculate the remainder when 125568 is divided by 2283.
3
Calculate the remainder when 34227585 is divided by 98.
7
Calculate the remainder when 20010174 is divided by 146.
144
What is the remainder when 1437552 is divided by 79809?
990
Calculate the remainder when 31355 is divided by 7744.
379
Calculate the remainder when 210173 is divided by 72.
5
What is the remainder when 1257559259 is divided by 1410?
1409
Calculate the remainder when 120635 is divided by 47.
33
What is the remainder when 704681 is divided by 435?
416
What is the remainder when 2535247 is divided by 8?
7
What is the remainder when 19484380 is divided by 1037?
187
Calculate the remainder when 24205 is divided by 3244.
1497
Calculate the remainder when 2949 is divided by 2826.
123
What is the remainder when 205119 is divided by 641?
640
Calculate the remainder when 9114292 is divided by 506349.
10
What is the remainder when 471088 is divided by 58874?
96
Calculate the remainder when 20857 is divided by 374.
287
Calculate the remainder when 8